 + 64*o + 1. Is l(y) a prime number?
False
Let h = -571 - -804. Suppose -235*o + h*o = -5362. Is o prime?
False
Let i(h) = -h - 1. Let j(x) = -35*x**2 + 17. Let q(s) = -5*i(s) - j(s). Let p be q(-6). Suppose 8*w - p = 2*w. Is w a composite number?
True
Let p = 765562 + -472919. Is p composite?
True
Let d(j) = -1214*j**3 - 4*j**2 - j + 8. Let h be d(4). Is (18 - 19)/(4/h) a composite number?
True
Is 132/(-484) - (-924636)/33 a composite number?
False
Suppose -5*o = 4*d - 827126, 5*d - 3*o = 542561 + 491328. Is d a composite number?
False
Let t(y) = -37*y**2 + 15*y - 48. Let u(v) = 36*v**2 - 13*v + 49. Let z(s) = -4*t(s) - 3*u(s). Is z(8) prime?
True
Suppose -20*o + 40*o - 9*o - 2622367 = 0. Is o composite?
False
Is 8030 - (-17)/(238/126) a composite number?
False
Suppose -50*h + 3154012 = 1220512. Suppose -12*i + 44694 = -h. Is i a prime number?
True
Suppose -12 - 79 = -7*d. Let v(k) = 56*k**2 - 28*k + 11. Is v(d) prime?
False
Let x = 833 - 809. Is (-6)/(-8) - 2/(x/(-107715)) a prime number?
False
Let z = 13530 + 23951. Is z prime?
False
Let z(m) = -m**3 - 2*m**2 + 9*m + 7. Let g be z(-4). Suppose -g = t + 2. Let r(f) = f**2 + 4*f + 14. Is r(t) a prime number?
True
Let y(t) = 4*t + 26. Let c be y(-11). Let n(r) = r + 20. Let a be n(c). Suppose -a*v + 3416 = 5*h + 491, h - 573 = 2*v. Is h a prime number?
False
Let y(b) = -b**2 - 6*b + 23. Let h be y(-8). Suppose -9*d + 10874 = -h*d. Is d a prime number?
True
Suppose -2*j + 3*w = -19951, 4*w = j - 7502 - 2471. Suppose 14*a + 3*m - j = 10*a, 2*m - 2488 = -a. Is a a composite number?
True
Suppose -8*v = 2*v - 5*v. Let n be -5 + (7 - 3) + (v - -3). Suppose -243 = -2*t + 5*h, 0*t + 2*h = -n*t + 278. Is t composite?
True
Let u(t) = 338*t**2 + 2*t + 1. Let k(f) = 4*f + 26. Let j be k(-6). Suppose -11 = -d - 4*v, -j*d + v - 2 = 3. Is u(d) composite?
False
Let d = -84064 - -257301. Is d prime?
False
Let x be 30/9 + 2 + 16/(-12). Suppose 5*r + 0*i - 10754 = -4*i, -x*r = 5*i - 8596. Suppose -r = 4*c - 6782. Is c composite?
True
Let a = 189 - 185. Is (28/70)/(a/22210) composite?
False
Let a(k) = 5913*k + 247. Is a(60) a prime number?
True
Let b = -1281521 + 2654902. Is b composite?
False
Suppose -2*q - 4520 = 24484. Let n = q + 20603. Is n composite?
False
Suppose -2*h - 3 = -5*a - 7, 0 = -2*h - 2*a + 32. Let l be (0 + h/(-8))*(-3044)/(-6). Let s = l - -1440. Is s a composite number?
True
Let z = -9900 - -5482. Is z/(-8) - (-36)/48 a composite number?
True
Let j = 4055 + -9527. Let k = 1855 - j. Is k a prime number?
False
Let g(p) = 118741*p - 751. Is g(14) a composite number?
False
Let z(s) = 4*s + 6. Suppose 2*h = -2*m - 0*m, 0 = -4*h + 5*m + 45. Let q be 20/h + (2 - 1). Is z(q) prime?
False
Let m(j) = -j + 6. Let u(s) = -s + 1. Let t(z) = m(z) - 2*u(z). Let l be t(-2). Suppose 5*w - 1119 = l*w. Is w a prime number?
True
Suppose -h - 68631 + 516245 = -3*v, 3*v + 3 = 0. Is h a composite number?
False
Let a(y) = -14*y + 35. Let s(z) = -5*z + 12. Let f(c) = -4*a(c) + 11*s(c). Let v be f(7). Is -1 + v/(-2) + (-17775)/(-6) composite?
True
Suppose 0*l - 4*z = -4*l + 7616, -3823 = -2*l - 3*z. Let n = l + -768. Is n a prime number?
False
Let s(i) = i**2 - 23*i - 34. Let m be s(25). Suppose 2*t = -6*t + m. Is (43/t)/(115/(-30) + 4) composite?
True
Suppose 8*i - 1299 = -371. Let a = i + 3235. Is a prime?
False
Let a(k) = -5*k**3 + k**2 - 21*k - 11. Let i(p) = p**2 + p - 120. Let v be i(10). Is a(v) a composite number?
True
Is -4*1/(1 + 0) - -4755 composite?
False
Let j(h) = -2*h**3 + 14*h**2 - 19*h + 2. Suppose 27 - 15 = -4*k. Let w(b) = -b**3 + 7*b**2 - 9*b + 1. Let u(y) = k*j(y) + 5*w(y). Is u(9) prime?
True
Suppose -3*s + 5*l = -45092, -4*s = -2*s - 3*l - 30062. Is s a prime number?
False
Suppose 1759142 = -413*b + 427*b. Is b a prime number?
False
Suppose 7*l = 6*l + 203. Let x = 3197 - l. Is x/(-2)*((-80)/(-12) + -7) a prime number?
True
Let d(t) = -30682*t - 3649. Is d(-8) composite?
False
Let c(x) = 54*x + 41. Let m(o) = 106*o + 80. Let w(d) = 11*c(d) - 6*m(d). Is w(-6) a composite number?
False
Let r(k) = -16706*k - 103. Is r(-7) a prime number?
False
Let a = 5 + 8. Let j = 5302 - 2154. Suppose -9*n = -a*n + j. Is n a composite number?
False
Suppose -4*w - 847528 = 2*x, -2285458 = 5*x + 4*w - 166650. Is (4/16)/((-20)/x) prime?
True
Suppose 160*k - 11719332 = 124*k. Is k a prime number?
True
Let h be -3*(0 + 2)/(3/1). Is (-3 - -5459) + (3 - h) a prime number?
False
Suppose -23*t = -539 - 197. Suppose -2810 = -x + t*c - 35*c, -x + 3*c + 2828 = 0. Is x a composite number?
False
Let s = 238662 - -191221. Is s prime?
False
Suppose -4*f - 39 = -47. Suppose -u + 3 = 0, 2*u - u = f*w - 6095. Is w composite?
False
Suppose -14 = 5*r + 6. Let q(w) = -w. Let n be q(r). Is (n + 45/(-6))*-46 composite?
True
Is (-1)/((-3)/18) + (-17752641)/(-51) prime?
True
Suppose -24 = 8*m - 8. Let p(j) = -j**3 + 4*j**2 + 5*j. Let v be p(m). Suppose -16946 = -v*z - 1560. Is z a composite number?
True
Suppose 5*z = 3*l - 2910369, -2*l = 133*z - 136*z - 1940248. Is l prime?
True
Suppose -50*d + 49*d = -4*g + 350779, -g - 2*d = -87697. Is g composite?
True
Suppose 4*h - 195 = -5*z, -3*z + 4*h + 15 = -2*z. Let o(w) = 11*w - 126. Is o(z) a prime number?
False
Suppose 5*m + 523 = f, -2*m - 5*f = 3*m + 535. Let p be (m/5 - -4)*-1. Suppose p*y = 20*y - 633. Is y composite?
False
Let a(p) = -17*p**2 - p - 2. Let h be a(-1). Let u be ((-474)/(-4))/((-9)/h). Let g = -116 + u. Is g prime?
False
Let l be (27/(-6) + 2)*316. Let z = 1556 + l. Is z a composite number?
True
Let t(u) = 1359*u**2 - u - 5. Suppose -3*l = 2*l + 10. Is t(l) prime?
False
Let y = -26 + 10. Let f = y + 16. Suppose 2*z - 4*m - 298 = f, 5*z + m + 149 - 850 = 0. Is z composite?
True
Let a(m) = -12707*m + 736. Is a(-5) prime?
True
Suppose -34*z + 335 = -141. Is ((-6739)/(-6)*3)/(7/z) a composite number?
True
Suppose -1715351 = -5*l - 11*l - l. Is l composite?
True
Let l = -446 + 1295. Suppose 0 = -2*v + l + 3357. Is v a prime number?
False
Suppose -45981 = 45*x - 18*x. Suppose 5*i + 6016 = 2*c, -5*c - 8784 + 2789 = 5*i. Let l = i - x. Is l a composite number?
True
Suppose 5*a = 11*a - 66750. Suppose 2*w - 2*v = 5*w - a, 2*w - 5*v = 7423. Is w a prime number?
True
Let q(j) be the second derivative of -4*j**2 + 3/2*j**4 + 0 - 2*j + 2/3*j**3. Is q(3) a composite number?
True
Let a(j) = 179*j + 266. Let d be a(-17). Let y = d + 4138. Is y a prime number?
True
Let c(b) = b**2 - 5*b - 35. Let f be c(-4). Suppose a = f + 4, -a = g - 1324. Is g composite?
False
Suppose -5*u + d - 6*d = -235725, 4*u - 3*d = 188608. Let j = u - 31918. Is j prime?
False
Let n(o) = 496*o + 305. Is n(15) a prime number?
False
Let o(q) = -7266*q**3 - q**2 + 10*q + 26. Is o(-3) a prime number?
True
Let a(k) = -499*k - 67. Let f be a(-12). Suppose -5 = 5*m, -3*m = -3*c - m + f. Is c a prime number?
True
Let g = 13108 - 7660. Let y = g - 749. Is y composite?
True
Let s be 141585*((-18)/(-36) - 2/12). Let l = s + -30384. Is l composite?
False
Let t(b) = 5740*b + 107. Let m be t(11). Suppose -17*q + m = -14*q + 5*w, 0 = 4*w + 16. Is q a composite number?
False
Is -1*(-11)/(176/24) + 14963/2 prime?
False
Let i be (3*2)/(48/744). Let b = 358 - i. Is b a prime number?
False
Suppose -2*b - 3*b - 180 = 0. Let i = -38 - b. Let w(m) = 116*m**2 - m + 1. Is w(i) a composite number?
False
Let c(a) = -a**2 - 11*a - 20. Let j be c(-7). Suppose -20171 = -15*f - j*f. Is f a prime number?
True
Let u(m) = -m**2 - m + 2742. Let d be u(0). Let q = -163 + d. Is q a composite number?
False
Suppose l - 192688 = -3*s, 426*s = 5*l + 423*s - 963494. Is l composite?
False
Suppose -9*f + 20236 - 52132 = -377649. Is f a composite number?
True
Is (189606/(-36))/(1/(-6)*1) a prime number?
True
Suppose 46 = 7*b - 5*b. Suppose -b*w = 8*w - 108841. Is w a prime number?
True
Let f(m) = 551*m - 18. Let t be f(6). Let v be 2 - t/(-8)*(-2 - -1). Let n = v + 876. Is n prime?
True
Let d(r) = 10*r - 15. Let h be d(2). Suppose 4*m - 2*m = 8, -f = h*m - 3099. Is f a prime number?
True
Let b = -44284 - -66775. Let x = b - 12413. Is x prime?
False
Is (-39)/91*(-210)/18 - (-40494 - -1) prime?
False
Suppose z + 12 = 4*z. Suppose -2*k - 1493 = -z*q + 2233, -4*q + 3720 = -4*k. Let n = 58 + q. Is n composite?
False
Suppose -3 = 2*b - b, 15 = 3*y - 2*b. Let a 